{"id":1287,"date":"2017-09-14T10:04:01","date_gmt":"2017-09-14T08:04:01","guid":{"rendered":"http:\/\/www.vonsydow.se\/inloggad1\/?page_id=1287"},"modified":"2023-05-14T22:00:36","modified_gmt":"2023-05-14T20:00:36","slug":"portrattsamling-familjen-von-sydow","status":"publish","type":"page","link":"https:\/\/vonsydow.se\/inloggad\/portrattsamling-familjen-von-sydow\/","title":{"rendered":"Portr\u00e4ttsamling familjen von Sydow"},"content":{"rendered":"<div class=\"wpb-content-wrapper\"><p>[vc_row full_width=&#8221;stretch_row_content&#8221; gap=&#8221;5&#8243; full_height=&#8221;yes&#8221; disable_element=&#8221;yes&#8221;][vc_column width=&#8221;1\/2&#8243;][vc_hoverbox image=&#8221;1255&#8243; primary_title=&#8221;Anne-Marie (Ami) Wigardt&#8221; primary_title_font_container=&#8221;color:%23ffffff&#8221; primary_title_use_theme_fonts=&#8221;yes&#8221; hover_title=&#8221;f. 1929, Tab 509. Ebba Strid Udikas, olja.&#8221; el_width=&#8221;60&#8243; use_custom_fonts_primary_title=&#8221;true&#8221;]Privat \u00e4go.[\/vc_hoverbox][vc_hoverbox image=&#8221;691&#8243; primary_title=&#8221;Bj\u00f6rn Ryno von Sydow&#8221; primary_title_font_container=&#8221;color:%23ffffff&#8221; primary_title_use_theme_fonts=&#8221;yes&#8221; hover_title=&#8221;tab 29. Peter Dahl 2006, olja&#8221; el_width=&#8221;60&#8243; use_custom_fonts_primary_title=&#8221;true&#8221; css=&#8221;.vc_custom_1509006346640{margin-top: 20px !important;}&#8221;]Riksdagen.[\/vc_hoverbox][vc_hoverbox image=&#8221;688&#8243; primary_title=&#8221;\u00c5ke Christian von Sydow&#8221; primary_title_font_container=&#8221;color:%23ffffff&#8221; primary_title_use_theme_fonts=&#8221;yes&#8221; hover_title=&#8221;(1926\u2013 ), tab 504. Elsa von Kantzow, pastell.&#8221; el_width=&#8221;60&#8243; use_custom_fonts_primary_title=&#8221;true&#8221; css=&#8221;.vc_custom_1509006517383{margin-top: 20px !important;}&#8221;]Riksdagen.[\/vc_hoverbox][vc_hoverbox image=&#8221;1258&#8243; primary_title=&#8221;Frans Edward von Sydow&#8221; primary_title_font_container=&#8221;color:%23ffffff&#8221; primary_title_use_theme_fonts=&#8221;yes&#8221; hover_title=&#8221;(1828-1914), tab 576. Ok\u00e4nd konstn\u00e4r. Olja.&#8221; el_width=&#8221;60&#8243; use_custom_fonts_primary_title=&#8221;true&#8221; css=&#8221;.vc_custom_1540051006245{margin-top: 20px !important;}&#8221;]Privat \u00e4go.[\/vc_hoverbox][vc_hoverbox image=&#8221;1262&#8243; primary_title=&#8221;Oscar Fredrik von Sydow&#8221; primary_title_font_container=&#8221;color:%23ffffff&#8221; primary_title_use_theme_fonts=&#8221;yes&#8221; hover_title=&#8221;(1873-1936), tab 980. Ok\u00e4nd konstn\u00e4r, olja.&#8221; el_width=&#8221;60&#8243; use_custom_fonts_primary_title=&#8221;true&#8221; css=&#8221;.vc_custom_1540051159649{margin-top: 20px !important;}&#8221;]L\u00e4nsresidenset i G\u00e4vle.<\/p>\n<p>[\/vc_hoverbox][vc_hoverbox image=&#8221;1259&#8243; primary_title=&#8221;Kristian Hugo von Sydow&#8221; primary_title_font_container=&#8221;color:%23ffffff&#8221; primary_title_use_theme_fonts=&#8221;yes&#8221; hover_title=&#8221;(1861-1930), tab 502. Ok\u00e4nd konstn\u00e4r. Teknik?&#8221; el_width=&#8221;60&#8243; use_custom_fonts_primary_title=&#8221;true&#8221; css=&#8221;.vc_custom_1628443440795{margin-top: 20px !important;}&#8221;]Privat \u00e4go.[\/vc_hoverbox][vc_hoverbox image=&#8221;1425&#8243; primary_title=&#8221;Anna von Sydow&#8221; primary_title_font_container=&#8221;color:%23ffffff&#8221; primary_title_use_theme_fonts=&#8221;yes&#8221; hover_title=&#8221;(????-????) tab ? Replika av Anders Zorn. Olja.&#8221; el_width=&#8221;60&#8243; use_custom_fonts_primary_title=&#8221;true&#8221; css=&#8221;.vc_custom_1548866364546{margin-top: 20px !important;}&#8221;]Originalet finns p\u00e5 Gripsholms Slott<\/p>\n<p>[\/vc_hoverbox][vc_hoverbox image=&#8221;1458&#8243; primary_title=&#8221;Johan von Sydow&#8221; primary_title_font_container=&#8221;color:%23ffffff&#8221; primary_title_use_theme_fonts=&#8221;yes&#8221; hover_title=&#8221;(1880-1964) Tab 786. av Bror Chronander. Blyerts.&#8221; el_width=&#8221;60&#8243; use_custom_fonts_primary_title=&#8221;true&#8221; css=&#8221;.vc_custom_1628444528992{margin-top: 20px !important;}&#8221;]Petra Ekengren.[\/vc_hoverbox][\/vc_column][vc_column width=&#8221;1\/2&#8243;][vc_hoverbox image=&#8221;1260&#8243; primary_title=&#8221;Johan Olof Strid&#8221; primary_title_font_container=&#8221;color:%23ffffff&#8221; primary_title_use_theme_fonts=&#8221;yes&#8221; hover_title=&#8221;F\u00f6dd 1969., tab 512. Ebba Strid Udikas. Teknik?&#8221; el_width=&#8221;60&#8243; use_custom_fonts_primary_title=&#8221;true&#8221;]<\/p>\n<p>Privat \u00e4go.<\/p>\n<p>[\/vc_hoverbox][vc_hoverbox image=&#8221;692&#8243; primary_title=&#8221;Margit von Sydow&#8221; primary_title_font_container=&#8221;color:%23ffffff&#8221; primary_title_use_theme_fonts=&#8221;yes&#8221; hover_title=&#8221;f. L\u00f6wenborg (1898-\u20131953), tab 503. Elsa von Kantzow, olja.&#8221; el_width=&#8221;60&#8243; use_custom_fonts_primary_title=&#8221;true&#8221; css=&#8221;.vc_custom_1598784658834{margin-top: 20px !important;}&#8221;]Privat \u00e4go.[\/vc_hoverbox][vc_hoverbox image=&#8221;689&#8243; primary_title=&#8221;Axel Erik von Sydow&#8221; primary_title_font_container=&#8221;color:%23ffffff&#8221; primary_title_use_theme_fonts=&#8221;yes&#8221; hover_title=&#8221;(1791\u20131857), tab 543. Ok\u00e4nd konstn\u00e4r (kopia), olja.&#8221; el_width=&#8221;60&#8243; use_custom_fonts_primary_title=&#8221;true&#8221; css=&#8221;.vc_custom_1628440714459{margin-top: 20px !important;}&#8221;]V\u00e4gverket Falun.[\/vc_hoverbox][vc_hoverbox image=&#8221;1257&#8243; primary_title=&#8221;Christian von Sydow&#8221; primary_title_font_container=&#8221;color:%23ffffff&#8221; primary_title_use_theme_fonts=&#8221;yes&#8221; hover_title=&#8221;(1899-1980), tab 503. David T\u00e4gtsr\u00f6m, olja.&#8221; el_width=&#8221;60&#8243; use_custom_fonts_primary_title=&#8221;true&#8221; css=&#8221;.vc_custom_1628441395904{margin-top: 20px !important;}&#8221;]Privat \u00e4go.[\/vc_hoverbox][vc_hoverbox image=&#8221;1261&#8243; primary_title=&#8221;Johan Gustaf von Sydow&#8221; primary_title_font_container=&#8221;color:%23ffffff&#8221; primary_title_use_theme_fonts=&#8221;yes&#8221; hover_title=&#8221;(1784-1850), tab 6. Alexander Wetterling, akvarell.&#8221; el_width=&#8221;60&#8243; use_custom_fonts_primary_title=&#8221;true&#8221; css=&#8221;.vc_custom_1628441030049{margin-top: 20px !important;}&#8221;]Privat \u00e4go.[\/vc_hoverbox][vc_hoverbox image=&#8221;1266&#8243; primary_title=&#8221;Daniel, Peter Arnold von Sydow&#8221; primary_title_font_container=&#8221;color:%23ffffff&#8221; primary_title_use_theme_fonts=&#8221;yes&#8221; hover_title=&#8221;(f 12\/7 1923, d 4\/4 1997). Tavlan \u00e4r en oljem\u00e5lning, m\u00e5lad 1945 av en av Daniels b\u00e4sta v\u00e4nner, Anders Bruno&#8221; el_width=&#8221;60&#8243; use_custom_fonts_primary_title=&#8221;true&#8221; css=&#8221;.vc_custom_1628443532839{margin-top: 20px !important;}&#8221;]Liljefors.[\/vc_hoverbox][vc_hoverbox image=&#8221;1463&#8243; primary_title=&#8221;Professor Carl Wilhelm von Sydow&#8221; primary_title_font_container=&#8221;color:%23ffffff&#8221; primary_title_use_theme_fonts=&#8221;yes&#8221; hover_title=&#8221;1878-1952, tab 658. Olja av Bertram Schmiterl\u00f6w (1920-2002).&#8221; el_width=&#8221;60&#8243; use_custom_fonts_primary_title=&#8221;true&#8221; css=&#8221;.vc_custom_1628443685016{margin-top: 20px !important;}&#8221;]Privat \u00e4go.[\/vc_hoverbox][\/vc_column][\/vc_row][vc_row][vc_column width=&#8221;1\/2&#8243;][vc_single_image image=&#8221;1255&#8243; img_size=&#8221;medium&#8221; add_caption=&#8221;yes&#8221; alignment=&#8221;center&#8221; style=&#8221;vc_box_border&#8221; border_color=&#8221;orange&#8221; onclick=&#8221;img_link_large&#8221; img_link_target=&#8221;_blank&#8221; css_animation=&#8221;zoomIn&#8221; lazy_loading=&#8221;true&#8221;]<div class=\"dt-fancy-separator\" style=\"width: 100%;\"><div class=\"dt-fancy-title\" style=\"color: #565656;\"><span class=\"separator-holder separator-left\"><\/span>Anne-Marie (Ami) Wigardt<span class=\"separator-holder separator-right\"><\/span><\/div><\/div>[vc_custom_heading text=&#8221;f. 1929<br \/>\nTab 509.<br \/>\nEbba Strid Udikas, olja.<br \/>\nPrivat \u00e4go&#8221; font_container=&#8221;tag:p|text_align:center&#8221; google_fonts=&#8221;font_family:Mate%3Aregular%2Citalic|font_style:400%20regular%3A400%3Anormal&#8221;][\/vc_column][vc_column width=&#8221;1\/2&#8243;][vc_single_image image=&#8221;1260&#8243; img_size=&#8221;medium&#8221; alignment=&#8221;center&#8221; style=&#8221;vc_box_border&#8221; border_color=&#8221;orange&#8221; onclick=&#8221;img_link_large&#8221; img_link_target=&#8221;_blank&#8221; css_animation=&#8221;zoomIn&#8221; lazy_loading=&#8221;true&#8221;]<div class=\"dt-fancy-separator\" style=\"width: 100%;\"><div class=\"dt-fancy-title\" style=\"color: #565656;\"><span class=\"separator-holder separator-left\"><\/span>Johan Olof Strid<span class=\"separator-holder separator-right\"><\/span><\/div><\/div>[vc_custom_heading text=&#8221;F\u00f6dd 1969<br \/>\ntab 512<br \/>\nEbba Strid Udikas. Teknik ?<br \/>\nPrivat \u00e4go.&#8221; font_container=&#8221;tag:p|text_align:center&#8221; google_fonts=&#8221;font_family:Mate%3Aregular%2Citalic|font_style:400%20regular%3A400%3Anormal&#8221;][\/vc_column][\/vc_row][vc_row css=&#8221;.vc_custom_1628441593249{margin-top: 1em !important;}&#8221;][vc_column width=&#8221;1\/2&#8243;][vc_single_image image=&#8221;691&#8243; img_size=&#8221;medium&#8221; add_caption=&#8221;yes&#8221; alignment=&#8221;center&#8221; style=&#8221;vc_box_border&#8221; border_color=&#8221;orange&#8221; onclick=&#8221;img_link_large&#8221; img_link_target=&#8221;_blank&#8221; css_animation=&#8221;zoomIn&#8221; lazy_loading=&#8221;true&#8221;]<div class=\"dt-fancy-separator\" style=\"width: 100%;\"><div class=\"dt-fancy-title\" style=\"color: #565656;\"><span class=\"separator-holder separator-left\"><\/span>Bj\u00f6rn von Sydow<span class=\"separator-holder separator-right\"><\/span><\/div><\/div>[vc_custom_heading text=&#8221;f. 1945<br \/>\ntab 50.<br \/>\nPeter Dahl 2006, olja<br \/>\nRiksdagen&#8221; font_container=&#8221;tag:p|text_align:center&#8221; google_fonts=&#8221;font_family:Mate%3Aregular%2Citalic|font_style:400%20regular%3A400%3Anormal&#8221;][\/vc_column][vc_column width=&#8221;1\/2&#8243;][vc_single_image image=&#8221;692&#8243; img_size=&#8221;medium&#8221; alignment=&#8221;center&#8221; style=&#8221;vc_box_border&#8221; border_color=&#8221;orange&#8221; onclick=&#8221;img_link_large&#8221; img_link_target=&#8221;_blank&#8221; css_animation=&#8221;zoomIn&#8221; lazy_loading=&#8221;true&#8221;]<div class=\"dt-fancy-separator\" style=\"width: 100%;\"><div class=\"dt-fancy-title\" style=\"color: #565656;\"><span class=\"separator-holder separator-left\"><\/span>Margit von Sydow<span class=\"separator-holder separator-right\"><\/span><\/div><\/div>[vc_custom_heading text=&#8221;f. L\u00f6wenborg (1898-1953)<br \/>\ntab 503.<br \/>\nElsa von Kantzow, olja.<br \/>\nPrivat \u00e4go.&#8221; font_container=&#8221;tag:p|text_align:center&#8221; google_fonts=&#8221;font_family:Mate%3Aregular%2Citalic|font_style:400%20regular%3A400%3Anormal&#8221;][\/vc_column][\/vc_row][vc_row css=&#8221;.vc_custom_1628441630257{margin-top: 1em !important;}&#8221;][vc_column width=&#8221;1\/2&#8243;][vc_single_image image=&#8221;688&#8243; img_size=&#8221;medium&#8221; add_caption=&#8221;yes&#8221; alignment=&#8221;center&#8221; style=&#8221;vc_box_border&#8221; border_color=&#8221;orange&#8221; onclick=&#8221;img_link_large&#8221; img_link_target=&#8221;_blank&#8221; css_animation=&#8221;zoomIn&#8221; lazy_loading=&#8221;true&#8221;]<div class=\"dt-fancy-separator\" style=\"width: 100%;\"><div class=\"dt-fancy-title\" style=\"color: #565656;\"><span class=\"separator-holder separator-left\"><\/span>\u00c5ke Christian von Sydow<span class=\"separator-holder separator-right\"><\/span><\/div><\/div>[vc_custom_heading text=&#8221;f. 1926<br \/>\ntab 504.<br \/>\nElsa von Kantzow, pastell.<br \/>\nRiksdagen.&#8221; font_container=&#8221;tag:p|text_align:center&#8221; google_fonts=&#8221;font_family:Mate%3Aregular%2Citalic|font_style:400%20regular%3A400%3Anormal&#8221;][\/vc_column][vc_column width=&#8221;1\/2&#8243;][vc_single_image image=&#8221;689&#8243; img_size=&#8221;medium&#8221; add_caption=&#8221;yes&#8221; alignment=&#8221;center&#8221; style=&#8221;vc_box_border&#8221; border_color=&#8221;orange&#8221; onclick=&#8221;img_link_large&#8221; img_link_target=&#8221;_blank&#8221; css_animation=&#8221;zoomIn&#8221; lazy_loading=&#8221;true&#8221;]<div class=\"dt-fancy-separator\" style=\"width: 100%;\"><div class=\"dt-fancy-title\" style=\"color: #565656;\"><span class=\"separator-holder separator-left\"><\/span>Axel Erik von Sydow<span class=\"separator-holder separator-right\"><\/span><\/div><\/div>[vc_custom_heading text=&#8221;(1791\u20131857)<br \/>\ntab 543.<br \/>\nOk\u00e4nd konstn\u00e4r (kopia), olja.<br \/>\nV\u00e4gverket Falun&#8221; font_container=&#8221;tag:p|text_align:center&#8221; google_fonts=&#8221;font_family:Mate%3Aregular%2Citalic|font_style:400%20regular%3A400%3Anormal&#8221;][\/vc_column][\/vc_row][vc_row css=&#8221;.vc_custom_1628441638165{margin-top: 1em !important;}&#8221;][vc_column width=&#8221;1\/2&#8243;][vc_single_image image=&#8221;1258&#8243; img_size=&#8221;medium&#8221; add_caption=&#8221;yes&#8221; alignment=&#8221;center&#8221; style=&#8221;vc_box_border&#8221; border_color=&#8221;orange&#8221; onclick=&#8221;img_link_large&#8221; img_link_target=&#8221;_blank&#8221; css_animation=&#8221;zoomIn&#8221; lazy_loading=&#8221;true&#8221;]<div class=\"dt-fancy-separator\" style=\"width: 100%;\"><div class=\"dt-fancy-title\" style=\"color: #565656;\"><span class=\"separator-holder separator-left\"><\/span>Frans Edward von Sydow<span class=\"separator-holder separator-right\"><\/span><\/div><\/div>[vc_custom_heading text=&#8221;(1828-1914)<br \/>\ntab 576.<br \/>\nOk\u00e4nd konstn\u00e4r. Olja.<br \/>\nPrivat \u00e4go.&#8221; font_container=&#8221;tag:p|text_align:center&#8221; google_fonts=&#8221;font_family:Mate%3Aregular%2Citalic|font_style:400%20regular%3A400%3Anormal&#8221;][\/vc_column][vc_column width=&#8221;1\/2&#8243;][vc_single_image image=&#8221;1257&#8243; img_size=&#8221;medium&#8221; add_caption=&#8221;yes&#8221; alignment=&#8221;center&#8221; style=&#8221;vc_box_border&#8221; border_color=&#8221;orange&#8221; onclick=&#8221;img_link_large&#8221; img_link_target=&#8221;_blank&#8221; css_animation=&#8221;zoomIn&#8221; lazy_loading=&#8221;true&#8221;]<div class=\"dt-fancy-separator\" style=\"width: 100%;\"><div class=\"dt-fancy-title\" style=\"color: #565656;\"><span class=\"separator-holder separator-left\"><\/span>Christian von Sydow<span class=\"separator-holder separator-right\"><\/span><\/div><\/div>[vc_custom_heading text=&#8221;(1899-1980)<br \/>\ntab 503.<br \/>\nDavid T\u00e4gtsr\u00f6m, olja.<br \/>\nPrivat \u00e4go.&#8221; font_container=&#8221;tag:p|text_align:center&#8221; google_fonts=&#8221;font_family:Mate%3Aregular%2Citalic|font_style:400%20regular%3A400%3Anormal&#8221;][\/vc_column][\/vc_row][vc_row css=&#8221;.vc_custom_1628441645302{margin-top: 1em !important;}&#8221;][vc_column width=&#8221;1\/2&#8243;][vc_single_image image=&#8221;1262&#8243; img_size=&#8221;medium&#8221; add_caption=&#8221;yes&#8221; alignment=&#8221;center&#8221; style=&#8221;vc_box_border&#8221; border_color=&#8221;orange&#8221; onclick=&#8221;img_link_large&#8221; img_link_target=&#8221;_blank&#8221; css_animation=&#8221;zoomIn&#8221; lazy_loading=&#8221;true&#8221;]<div class=\"dt-fancy-separator\" style=\"width: 100%;\"><div class=\"dt-fancy-title\" style=\"color: #565656;\"><span class=\"separator-holder separator-left\"><\/span>Oscar Fredrik von Sydow<span class=\"separator-holder separator-right\"><\/span><\/div><\/div>[vc_custom_heading text=&#8221;(1873-1936)<br \/>\ntab 980.<br \/>\nOk\u00e4nd konstn\u00e4r, olja.<br \/>\nL\u00e4nsresidenset i G\u00e4vle.&#8221; font_container=&#8221;tag:p|text_align:center&#8221; google_fonts=&#8221;font_family:Mate%3Aregular%2Citalic|font_style:400%20regular%3A400%3Anormal&#8221;][\/vc_column][vc_column width=&#8221;1\/2&#8243;][vc_single_image image=&#8221;1261&#8243; img_size=&#8221;medium&#8221; add_caption=&#8221;yes&#8221; alignment=&#8221;center&#8221; style=&#8221;vc_box_border&#8221; border_color=&#8221;orange&#8221; onclick=&#8221;img_link_large&#8221; img_link_target=&#8221;_blank&#8221; css_animation=&#8221;zoomIn&#8221; lazy_loading=&#8221;true&#8221;]<div class=\"dt-fancy-separator\" style=\"width: 100%;\"><div class=\"dt-fancy-title\" style=\"color: #565656;\"><span class=\"separator-holder separator-left\"><\/span>Johan Gustav von Sydow<span class=\"separator-holder separator-right\"><\/span><\/div><\/div>[vc_custom_heading text=&#8221;(1784-1850)<br \/>\ntab 6.<br \/>\nAlexander Wetterling, akvarell.<br \/>\nPrivat \u00e4go.&#8221; font_container=&#8221;tag:p|text_align:center&#8221; google_fonts=&#8221;font_family:Mate%3Aregular%2Citalic|font_style:400%20regular%3A400%3Anormal&#8221;][\/vc_column][\/vc_row][vc_row css=&#8221;.vc_custom_1628441653711{margin-top: 1em !important;}&#8221;][vc_column width=&#8221;1\/2&#8243;][vc_single_image image=&#8221;1259&#8243; img_size=&#8221;medium&#8221; add_caption=&#8221;yes&#8221; alignment=&#8221;center&#8221; style=&#8221;vc_box_border&#8221; border_color=&#8221;orange&#8221; onclick=&#8221;img_link_large&#8221; img_link_target=&#8221;_blank&#8221; css_animation=&#8221;zoomIn&#8221; lazy_loading=&#8221;true&#8221;]<div class=\"dt-fancy-separator\" style=\"width: 100%;\"><div class=\"dt-fancy-title\" style=\"color: #565656;\"><span class=\"separator-holder separator-left\"><\/span>Kristian Hugo von Sydow<span class=\"separator-holder separator-right\"><\/span><\/div><\/div>[vc_custom_heading text=&#8221;(1861-1930)<br \/>\ntab 502.<br \/>\nOk\u00e4nd konstn\u00e4r. Teknik?<br \/>\nPrivat \u00e4go.&#8221; font_container=&#8221;tag:p|text_align:center&#8221; google_fonts=&#8221;font_family:Mate%3Aregular%2Citalic|font_style:400%20regular%3A400%3Anormal&#8221;][\/vc_column][vc_column width=&#8221;1\/2&#8243;][vc_single_image image=&#8221;1266&#8243; img_size=&#8221;medium&#8221; add_caption=&#8221;yes&#8221; alignment=&#8221;center&#8221; style=&#8221;vc_box_border&#8221; border_color=&#8221;orange&#8221; onclick=&#8221;img_link_large&#8221; img_link_target=&#8221;_blank&#8221; css_animation=&#8221;zoomIn&#8221; lazy_loading=&#8221;true&#8221;]<div class=\"dt-fancy-separator\" style=\"width: 100%;\"><div class=\"dt-fancy-title\" style=\"color: #565656;\"><span class=\"separator-holder separator-left\"><\/span>Daniel von Sydow<span class=\"separator-holder separator-right\"><\/span><\/div><\/div>[vc_custom_heading text=&#8221;(1923-1997)<br \/>\ntab 48<br \/>\nAnders Bruno Liljefors<br \/>\nTeknik: ?&#8221; font_container=&#8221;tag:p|text_align:center&#8221; google_fonts=&#8221;font_family:Mate%3Aregular%2Citalic|font_style:400%20regular%3A400%3Anormal&#8221;][\/vc_column][\/vc_row][vc_row css=&#8221;.vc_custom_1628441653711{margin-top: 1em !important;}&#8221;][vc_column width=&#8221;1\/2&#8243;][vc_single_image image=&#8221;1425&#8243; img_size=&#8221;medium&#8221; add_caption=&#8221;yes&#8221; alignment=&#8221;center&#8221; style=&#8221;vc_box_border&#8221; border_color=&#8221;orange&#8221; onclick=&#8221;img_link_large&#8221; img_link_target=&#8221;_blank&#8221; css_animation=&#8221;zoomIn&#8221; lazy_loading=&#8221;true&#8221;]<div class=\"dt-fancy-separator\" style=\"width: 100%;\"><div class=\"dt-fancy-title\" style=\"color: #565656;\"><span class=\"separator-holder separator-left\"><\/span>Anna Wallenberg, f. von Sydow<span class=\"separator-holder separator-right\"><\/span><\/div><\/div>[vc_custom_heading text=&#8221;(1838-1910) tab 74.<br \/>\nKopia av original Anders Zorn<br \/>\nStatens porttr\u00e4ttsamling, Gripsholm&#8221; font_container=&#8221;tag:p|text_align:center&#8221; google_fonts=&#8221;font_family:Mate%3Aregular%2Citalic|font_style:400%20regular%3A400%3Anormal&#8221;][\/vc_column][vc_column width=&#8221;1\/2&#8243;][vc_single_image image=&#8221;1463&#8243; img_size=&#8221;medium&#8221; add_caption=&#8221;yes&#8221; alignment=&#8221;center&#8221; style=&#8221;vc_box_border&#8221; border_color=&#8221;orange&#8221; onclick=&#8221;img_link_large&#8221; img_link_target=&#8221;_blank&#8221; css_animation=&#8221;zoomIn&#8221; lazy_loading=&#8221;true&#8221;]<div class=\"dt-fancy-separator\" style=\"width: 100%;\"><div class=\"dt-fancy-title\" style=\"color: #565656;\"><span class=\"separator-holder separator-left\"><\/span>Professor Carl Wilhelm von Sydow<span class=\"separator-holder separator-right\"><\/span><\/div><\/div>[vc_custom_heading text=&#8221;1878-1952<br \/>\ntab 658.<br \/>\nOlja av Bertram Schmiterl\u00f6w (1920-2002).<br \/>\nPrivat \u00e4go.&#8221; font_container=&#8221;tag:p|text_align:center&#8221; google_fonts=&#8221;font_family:Mate%3Aregular%2Citalic|font_style:400%20regular%3A400%3Anormal&#8221;][\/vc_column][\/vc_row][vc_row css=&#8221;.vc_custom_1628441653711{margin-top: 1em !important;}&#8221;][vc_column width=&#8221;1\/2&#8243;][vc_single_image image=&#8221;1425&#8243; img_size=&#8221;medium&#8221; add_caption=&#8221;yes&#8221; alignment=&#8221;center&#8221; style=&#8221;vc_box_border&#8221; border_color=&#8221;orange&#8221; onclick=&#8221;img_link_large&#8221; img_link_target=&#8221;_blank&#8221; css_animation=&#8221;zoomIn&#8221; lazy_loading=&#8221;true&#8221;]<div class=\"dt-fancy-separator\" style=\"width: 100%;\"><div class=\"dt-fancy-title\" style=\"color: #565656;\"><span class=\"separator-holder separator-left\"><\/span>Anna Wallenberg, f. von Sydow<span class=\"separator-holder separator-right\"><\/span><\/div><\/div>[vc_custom_heading text=&#8221;(1838-1910) tab 74.<br \/>\nKopia av original Anders Zorn<br \/>\nStatens porttr\u00e4ttsamling, Gripsholm&#8221; font_container=&#8221;tag:p|text_align:center&#8221; google_fonts=&#8221;font_family:Mate%3Aregular%2Citalic|font_style:400%20regular%3A400%3Anormal&#8221;][\/vc_column][vc_column width=&#8221;1\/2&#8243;][vc_single_image image=&#8221;2060&#8243; img_size=&#8221;medium&#8221; add_caption=&#8221;yes&#8221; alignment=&#8221;center&#8221; style=&#8221;vc_box_border&#8221; border_color=&#8221;orange&#8221; onclick=&#8221;link_image&#8221; css_animation=&#8221;fadeIn&#8221; lazy_loading=&#8221;true&#8221;]<div class=\"dt-fancy-separator\" style=\"width: 100%;\"><div class=\"dt-fancy-title\" style=\"color: #565656;\"><span class=\"separator-holder separator-left\"><\/span>Clas von Sydow<span class=\"separator-holder separator-right\"><\/span><\/div><\/div>[vc_custom_heading text=&#8221;f. 1953<br \/>\ntab 51<br \/>\nTin Anders\u00e9n Axell<br \/>\nTeknik: ?&#8221; font_container=&#8221;tag:p|text_align:center&#8221; google_fonts=&#8221;font_family:Mate%3Aregular%2Citalic|font_style:400%20regular%3A400%3Anormal&#8221;][\/vc_column][\/vc_row][vc_row css=&#8221;.vc_custom_1628441653711{margin-top: 1em !important;}&#8221;][vc_column width=&#8221;1\/2&#8243;][vc_single_image image=&#8221;1458&#8243; img_size=&#8221;medium&#8221; add_caption=&#8221;yes&#8221; alignment=&#8221;center&#8221; style=&#8221;vc_box_border&#8221; border_color=&#8221;orange&#8221; onclick=&#8221;img_link_large&#8221; img_link_target=&#8221;_blank&#8221; css_animation=&#8221;zoomIn&#8221; lazy_loading=&#8221;true&#8221;]<div class=\"dt-fancy-separator\" style=\"width: 100%;\"><div class=\"dt-fancy-title\" style=\"color: #565656;\"><span class=\"separator-holder separator-left\"><\/span>Johan von Sydow<span class=\"separator-holder separator-right\"><\/span><\/div><\/div>[vc_custom_heading text=&#8221;(1880-1964)<br \/>\nTab 786. av Bror Chronander. Blyerts.<br \/>\nPetra Ekengren.&#8221; font_container=&#8221;tag:p|text_align:center&#8221; google_fonts=&#8221;font_family:Mate%3Aregular%2Citalic|font_style:400%20regular%3A400%3Anormal&#8221;][\/vc_column][\/vc_row]<\/p>\n<\/div>","protected":false},"excerpt":{"rendered":"<p>[vc_row full_width=&#8221;stretch_row_content&#8221; gap=&#8221;5&#8243; full_height=&#8221;yes&#8221; disable_element=&#8221;yes&#8221;][vc_column width=&#8221;1\/2&#8243;][vc_hoverbox image=&#8221;1255&#8243; primary_title=&#8221;Anne-Marie (Ami) Wigardt&#8221; primary_title_font_container=&#8221;color:%23ffffff&#8221; primary_title_use_theme_fonts=&#8221;yes&#8221; hover_title=&#8221;f. 1929, Tab 509. Ebba Strid Udikas, olja.&#8221; el_width=&#8221;60&#8243; use_custom_fonts_primary_title=&#8221;true&#8221;]Privat \u00e4go.[\/vc_hoverbox][vc_hoverbox image=&#8221;691&#8243; primary_title=&#8221;Bj\u00f6rn Ryno von Sydow&#8221; primary_title_font_container=&#8221;color:%23ffffff&#8221; primary_title_use_theme_fonts=&#8221;yes&#8221; hover_title=&#8221;tab 29. Peter Dahl 2006, olja&#8221; el_width=&#8221;60&#8243; use_custom_fonts_primary_title=&#8221;true&#8221; css=&#8221;.vc_custom_1509006346640{margin-top: 20px !important;}&#8221;]Riksdagen.[\/vc_hoverbox][vc_hoverbox image=&#8221;688&#8243; primary_title=&#8221;\u00c5ke Christian von Sydow&#8221; primary_title_font_container=&#8221;color:%23ffffff&#8221; primary_title_use_theme_fonts=&#8221;yes&#8221; hover_title=&#8221;(1926\u2013 ), tab 504. Elsa von Kantzow,&hellip;<\/p>\n","protected":false},"author":5,"featured_media":0,"parent":0,"menu_order":0,"comment_status":"closed","ping_status":"closed","template":"","meta":{"footnotes":""},"class_list":["post-1287","page","type-page","status-publish","hentry","description-off"],"_links":{"self":[{"href":"https:\/\/vonsydow.se\/inloggad\/wp-json\/wp\/v2\/pages\/1287","targetHints":{"allow":["GET"]}}],"collection":[{"href":"https:\/\/vonsydow.se\/inloggad\/wp-json\/wp\/v2\/pages"}],"about":[{"href":"https:\/\/vonsydow.se\/inloggad\/wp-json\/wp\/v2\/types\/page"}],"author":[{"embeddable":true,"href":"https:\/\/vonsydow.se\/inloggad\/wp-json\/wp\/v2\/users\/5"}],"replies":[{"embeddable":true,"href":"https:\/\/vonsydow.se\/inloggad\/wp-json\/wp\/v2\/comments?post=1287"}],"version-history":[{"count":19,"href":"https:\/\/vonsydow.se\/inloggad\/wp-json\/wp\/v2\/pages\/1287\/revisions"}],"predecessor-version":[{"id":2012,"href":"https:\/\/vonsydow.se\/inloggad\/wp-json\/wp\/v2\/pages\/1287\/revisions\/2012"}],"wp:attachment":[{"href":"https:\/\/vonsydow.se\/inloggad\/wp-json\/wp\/v2\/media?parent=1287"}],"curies":[{"name":"wp","href":"https:\/\/api.w.org\/{rel}","templated":true}]}}